 are the prime factors of u?
3
Suppose 207 = a + 2*a - 3*q, -4*q = 8. What are the prime factors of a?
67
Let m = 71 + 37. List the prime factors of m.
2, 3
Suppose -4*m - s - 73 + 25 = 0, -2*m - s = 24. Suppose q - y - 5 = 0, 5*y = 4*q + 6*y - 10. List the prime factors of -2 - m*(q + -2).
2, 5
Suppose -3*c + 5*g - 20 = -4*c, 3*c = -2*g + 8. Suppose -2*p + 50 = -c*p. What are the prime factors of p?
5
Let s = 16 + -21. Let h(c) = -12*c - 12. List the prime factors of h(s).
2, 3
Suppose 0 = 17*h - 20*h. Suppose -a - 2 = h, -2*a - 211 + 42 = -5*g. List the prime factors of g.
3, 11
Let k(r) = -3*r - 4. Let g be k(-4). Let y(o) = -o**2 + 6*o - 5. Let p be y(4). Let n = g - p. What are the prime factors of n?
5
What are the prime factors of (-6)/36*8 - (-1082)/6?
179
Suppose n + 4*k = 37, 4*k = 2*n + 2*k - 124. Let l = n + -81. Let i = -14 - l. List the prime factors of i.
2, 5
Let b(p) = -p + 9. Let s be b(7). Suppose -n + 3*g - 3 = -12, -s*g = -4. What are the prime factors of n?
3, 5
Suppose 9*z - 4*z + o - 15 = 0, -5*z + 40 = -4*o. Suppose -z*v - 3 = -2*g - 25, 5*v - 4*g = 35. Suppose 48 = v*p + p. List the prime factors of p.
2, 3
Suppose -2*v + 12 = -58. List the prime factors of v.
5, 7
Let x = 484 + -325. What are the prime factors of x?
3, 53
Suppose 5*j = 855 + 20. List the prime factors of j.
5, 7
Let c = 18 - -29. List the prime factors of c.
47
Suppose -5*k = 4*s - 78, 0 = -2*k - 3 - 1. Suppose -37 = -6*j + j + 3*b, 2*b = 3*j - s. List the prime factors of j.
2
Suppose -101 - 217 = -3*r. List the prime factors of r.
2, 53
Let h(y) = -2*y**2 + 2*y + 6. Let p be h(-3). Suppose 5*i + 52 = 7*i. Let v = p + i. What are the prime factors of v?
2
Suppose 0 = -3*o + 3. Let z = 2 + o. Suppose 4*h + 16 = 0, -k - 16 = -z*k - 2*h. List the prime factors of k.
2, 3
Let q(y) = -y**3 + 8*y**2 - 6*y - 8. Let k be q(7). Let s(o) = 5*o**2 + o**2 + 7*o**2 - o. What are the prime factors of s(k)?
2, 7
Suppose 2*n + w + 23 = 283, 2*n = 3*w + 260. List the prime factors of n.
2, 5, 13
Suppose -186 = -4*p + 2*j, -j + 117 = 3*p + 2*j. List the prime factors of p.
2, 11
Suppose 0 = 4*y - 39 + 15. Suppose y*d - 3*d = 165. List the prime factors of ((-88)/d)/(1/(-5)).
2
Let b(r) = -7*r - 9. Let x(y) = -y - 1. Let z(p) = b(p) - 5*x(p). Let l be z(-7). List the prime factors of -1 + 1/(1/l).
3
Suppose -4*x - 472 = -8*x. What are the prime factors of x?
2, 59
Suppose -4 = d + v, -3*v = -6*d + 2*d - 2. Let z be 1/(1 + d) + 10. Suppose -2*g - g + z = 0. List the prime factors of g.
3
Suppose -2*c + 11 + 75 = 0. What are the prime factors of c?
43
Let k(w) = -w**3 - 10*w**2 - 12*w - 8. Let j be k(-9). Suppose -5*a = -6 - 4. Let c = j - a. List the prime factors of c.
17
Let w(d) = -4*d + 1. Let s be w(-1). Suppose 5*q - 76 = 3*k + 18, -s*k = 5*q - 70. List the prime factors of q.
17
Suppose -2*f - n + 4*n + 5 = 0, -5*f = n - 4. Let m be -4*(3/6 + -2). Let l = f + m. What are the prime factors of l?
7
Suppose -9*x + 44 = -5*x. Suppose 40 + x = 3*t. List the prime factors of t.
17
Let g be ((-3)/(-3) + 5)/(-1). List the prime factors of 0 - 3/(g/28).
2, 7
Let a be (-41)/(-5) - (-5)/(-25). Let u = a - -20. What are the prime factors of u?
2, 7
Suppose -9*o = -3*o - 474. List the prime factors of o.
79
Suppose -5*b + 1 = 2*t, 0 = t - 2*b - b - 6. Suppose 4*g = -n + 131 - 36, 2*n = -t*g + 70. List the prime factors of g.
2, 3
Let v = 208 - 118. List the prime factors of v.
2, 3, 5
Suppose -4*z - 8 = -2*q, -3*q = -2*z + 6*z + 18. What are the prime factors of 3/(q/8*-3)?
2
Let t = -20 - -8. Let l = 16 - t. List the prime factors of l.
2, 7
Let a(j) = j**3 - 4*j**2 - j + 4. Let b be a(3). Let q(d) = -8*d - 11. Let t be q(b). Suppose -5*n - 8 = -t. What are the prime factors of n?
3
Let i(p) = 72*p + 2. What are the prime factors of i(1)?
2, 37
Let d(u) = u**2 - 8*u + 11. Let j be d(7). Let c(r) = 13*r - 8. List the prime factors of c(j).
2, 11
Suppose -c + 2 = x, 3*c - 6*c + 10 = 5*x. Suppose 0*d - 18 = -x*d. List the prime factors of d.
3
What are the prime factors of (2 - 1)*(-6 + 49)?
43
Let d = -1 - -3. Let m be -3 - -44 - (-2 + 1). Suppose -3*i - 3*p = -m, 25 = 5*i - 2*p - d*p. List the prime factors of i.
3
Let p(v) = -2*v - 13. Let z be (3/4)/(2/(-24)). Let h be p(z). Suppose 0*q + 3*q = h*f + 5, q + 3 = 4*f. List the prime factors of q.
5
Let x(m) = m - 1. Let u be x(-3). Let r(h) = 3*h**3 - 4*h + 2*h - 4*h**2 - 4*h**3. What are the prime factors of r(u)?
2
Suppose -3*z = -z - 12. Let y(o) = o - 2. Let q be y(z). Suppose 0 = -q*f - f + 30. What are the prime factors of f?
2, 3
Let r = 0 + 24. Suppose 2*w - r + 0 = 0. List the prime factors of w.
2, 3
Suppose 2*q + 9 = -3. Let z(t) = -t**2 - 6*t + 3. Let p be z(q). Suppose 0 = -5*i + 7 + p. List the prime factors of i.
2
Suppose -501 = -3*u + 432. What are the prime factors of u?
311
Suppose 0*v = 5*v - 450. List the prime factors of v.
2, 3, 5
Suppose -4*u + 15 = -7*u. What are the prime factors of (1 - -6)*(-2 - u)?
3, 7
Suppose 284 = 5*s - 3*l, l + 223 = 4*s - 0*l. Suppose -2*p - s = -7*p. List the prime factors of p.
11
Let q = 5 - 3. Suppose -q*m - 16 = -6*m. List the prime factors of m.
2
Let m = -4 - -8. Let g(f) = f**2 - 2*f + 2. What are the prime factors of g(m)?
2, 5
Suppose -2*m - 14 = -0*i + i, 2*m + 18 = -3*i. List the prime factors of m/14 + 282/21.
13
What are the prime factors of -2 + 4 + 150 + -4?
2, 37
Suppose 50 = -5*l + 3*l. Let i = l - -41. Let c = i + -6. List the prime factors of c.
2, 5
Let y(m) = 15*m + 2. List the prime factors of y(11).
167
Suppose 43 = m + 3*f, -3*m + 5*f = 11 - 84. Let k = -16 + m. What are the prime factors of k?
3, 5
Let u = -21 + 28. List the prime factors of u.
7
Suppose 0 = 5*q - 3*m + 10 - 28, 2*m + 17 = 5*q. Suppose -8*p - 45 = -q*p. Let a = p + 19. List the prime factors of a.
2, 5
Let g be (-1 - 68)/1*-2. Let x = g - 89. What are the prime factors of x?
7
Let v = 169 - 105. List the prime factors of v.
2
Suppose -2*b + 15 = 4*g - 35, 2*b - 61 = -5*g. List the prime factors of g.
11
Suppose -5*l = -10*l. Suppose -5*d - 2*i = -0*i - 22, l = -4*d - 2*i + 18. Suppose d + 2 = 3*j. List the prime factors of j.
2
What are the prime factors of (-2 + 14)/(68/22 + -3)?
2, 3, 11
Let j = 2 + -19. Let d = j - -31. What are the prime factors of d?
2, 7
Suppose 49 = 5*f + m - 4, 5*f + 4*m = 47. Suppose -f = -3*l + 4. Suppose 60 = -0*p + l*p. What are the prime factors of p?
2, 3
Let o = -20 - -23. Suppose 22 = -2*l + o*l. List the prime factors of l.
2, 11
Let n = -17 + 18. Suppose -5*i = -b - 4*i + 2, 3*i - 43 = -4*b. Suppose -b - n = -v. List the prime factors of v.
2
Let k be 0/((-3*1)/3). List the prime factors of (-2 - k) + 1*14.
2, 3
Suppose -8 = -4*r - 0*r. Suppose r*m + m = -2*l + 5, -2*m = 3*l - 10. Suppose -50 = -k - l*k. List the prime factors of k.
2, 5
Suppose 3*b - 5*u - 55 = -0*b, -2*b - u = -15. What are the prime factors of b?
2, 5
Suppose h + 0*h = 6. Let n = -1 + h. Suppose 4*g - 4 = 0, 0 = -f + 2*f - n*g + 3. What are the prime factors of f?
2
Suppose 8 = 3*i + 2. Let z be (-7)/3*(1 + i). Let v = 0 - z. List the prime factors of v.
7
Suppose 3*a = -2*a + 10. Suppose 4*f + f - 70 = -5*v, 0 = -a*f - 4*v + 34. What are the prime factors of f?
11
Let a(h) = h**3 + 16*h**2 + 16*h + 18. Let i be a(-15). Suppose -5 = 4*l + l, 217 = 4*g + i*l. What are the prime factors of g?
5, 11
Let s(x) be the third derivative of 3*x**6/40 + x**5/30 - x**4/12 + x**3/6 + 7*x**2. Suppose -v + 1 = -0*v. What are the prime factors of s(v)?
2, 5
Suppose 3*s - 6 = s. Suppose -2*f + s*f = 0. Suppose -5*d + 17 + 13 = f. List the prime factors of d.
2, 3
Let z(g) = -g**2 - 10*g + 2. Let r be z(-7). Let l be ((-6)/(-1))/3 + r. Suppose -t + 35 = 3*j + 3*t, -3*j = 2*t - l. What are the prime factors of j?
5
Let m(g) = g - 20. Let p be m(10). What are the prime factors of 2/p - 81/(-5)?
2
Suppose -2 = -c, 0*l - 3*l - c = -2. Suppose -2*s + l*s + 16 = 0. What are the prime factors of s?
2
Let w = -4 + 8. Suppose -3*l + w = -l. List the prime factors of (6/(-4))/(l/(-16)).
2, 3
Let z = 25 + -21. Let n(r) = r**3 - r**2 - 4*r + 2. What are the prime factors of n(z)?
2, 17
Let u(m) = m**3 - 11*m**2 - m + 16. What are the prime factors of u(11)?
5
Suppose 3*w - 12 = 0, -z - z + 2*w = -138. 